Last updated on 2023-03-28 04:52:54 CEST.
Flavor | Version | Tinstall | Tcheck | Ttotal | Status | Flags |
---|---|---|---|---|---|---|
r-devel-linux-x86_64-debian-clang | 1.11.1 | 9.86 | 87.89 | 97.75 | OK | |
r-devel-linux-x86_64-debian-gcc | 1.12.0 | 8.25 | 65.24 | 73.49 | OK | |
r-devel-linux-x86_64-fedora-clang | 1.12.0 | 121.11 | OK | |||
r-devel-linux-x86_64-fedora-gcc | 1.12.0 | 128.94 | OK | |||
r-devel-windows-x86_64 | 1.12.0 | 35.00 | 116.00 | 151.00 | OK | |
r-patched-linux-x86_64 | 1.11.1 | 9.30 | 81.37 | 90.67 | OK | |
r-release-linux-x86_64 | 1.11.1 | 6.99 | 83.73 | 90.72 | OK | |
r-release-macos-arm64 | 1.11.1 | 38.00 | OK | |||
r-release-macos-x86_64 | 1.11.1 | 56.00 | OK | |||
r-release-windows-x86_64 | 1.11.1 | 26.00 | 131.00 | 157.00 | OK | |
r-oldrel-macos-arm64 | 1.11.1 | 41.00 | OK | |||
r-oldrel-macos-x86_64 | 1.11.1 | 59.00 | OK | |||
r-oldrel-windows-ix86+x86_64 | 1.12.0 | 20.00 | 107.00 | 127.00 | ERROR |
Version: 1.12.0
Check: R code for possible problems
Result: NOTE
Initiating curl with CURL_SSL_BACKEND: openssl
Flavor: r-oldrel-windows-ix86+x86_64
Version: 1.12.0
Check: PDF version of manual
Result: WARN
LaTeX errors when creating PDF version.
This typically indicates Rd problems.
LaTeX errors found:
! Illegal parameter number in definition of \Hy@tempa.
<to be read again>
/
l.157 }
! Illegal parameter number in definition of \Hy@tempa.
<to be read again>
/
l.157 }
! Illegal parameter number in definition of \Hy@tempa.
<to be read again>
/
l.157 }
! Illegal parameter number in definition of \Hy@tempa.
<to be read again>
/
l.157 }
! Illegal parameter number in definition of \Hy@tempa.
<to be read again>
/
l.157 }
! Illegal parameter number in definition of \Hy@tempa.
<to be read again>
/
l.157 }
Flavor: r-oldrel-windows-ix86+x86_64
Version: 1.12.0
Check: PDF version of manual without hyperrefs or index
Result: ERROR
Flavor: r-oldrel-windows-ix86+x86_64