Last updated on 2023-04-01 04:56:14 CEST.
Flavor | Version | Tinstall | Tcheck | Ttotal | Status | Flags |
---|---|---|---|---|---|---|
r-devel-linux-x86_64-debian-clang | 0.2.2 | 7.28 | 93.44 | 100.72 | OK | |
r-devel-linux-x86_64-debian-gcc | 0.2.2 | 4.60 | 70.43 | 75.03 | OK | |
r-devel-linux-x86_64-fedora-clang | 0.2.2 | 121.83 | NOTE | |||
r-devel-linux-x86_64-fedora-gcc | 0.2.2 | 128.80 | NOTE | |||
r-devel-windows-x86_64 | 0.2.2 | 48.00 | 138.00 | 186.00 | OK | |
r-patched-linux-x86_64 | 0.2.2 | 5.57 | 87.96 | 93.53 | OK | |
r-release-linux-x86_64 | 0.2.2 | 6.90 | 90.39 | 97.29 | OK | |
r-release-macos-arm64 | 0.2.2 | 44.00 | OK | |||
r-release-macos-x86_64 | 0.2.2 | 57.00 | OK | |||
r-release-windows-x86_64 | 0.2.2 | 48.00 | 142.00 | 190.00 | OK | |
r-oldrel-macos-arm64 | 0.2.2 | 45.00 | OK | |||
r-oldrel-macos-x86_64 | 0.2.2 | 68.00 | OK | |||
r-oldrel-windows-ix86+x86_64 | 0.2.2 | 17.00 | 125.00 | 142.00 | OK |
Version: 0.2.2
Check: data for non-ASCII characters
Result: NOTE
Note: found 35 marked UTF-8 strings
Flavors: r-devel-linux-x86_64-fedora-clang, r-devel-linux-x86_64-fedora-gcc