Last updated on 2023-02-01 04:51:50 CET.
Flavor | Version | Tinstall | Tcheck | Ttotal | Status | Flags |
---|---|---|---|---|---|---|
r-devel-linux-x86_64-debian-clang | 1.5.2 | 4.16 | 37.23 | 41.39 | OK | |
r-devel-linux-x86_64-debian-gcc | 1.5.2 | 2.42 | 28.34 | 30.76 | OK | |
r-devel-linux-x86_64-fedora-clang | 1.5.2 | 52.30 | OK | |||
r-devel-linux-x86_64-fedora-gcc | 1.5.2 | 49.69 | OK | |||
r-devel-windows-x86_64 | 1.5.2 | 43.00 | 71.00 | 114.00 | OK | |
r-patched-linux-x86_64 | 1.5.2 | 3.57 | 36.72 | 40.29 | OK | |
r-release-linux-x86_64 | 1.5.2 | 3.71 | 36.20 | 39.91 | OK | |
r-release-macos-arm64 | 1.5.2 | 29.00 | OK | |||
r-release-macos-x86_64 | 1.5.2 | 45.00 | OK | |||
r-release-windows-x86_64 | 1.5.2 | 45.00 | 72.00 | 117.00 | OK | |
r-oldrel-macos-arm64 | 1.5.2 | 33.00 | OK | |||
r-oldrel-macos-x86_64 | 1.5.2 | 45.00 | OK | |||
r-oldrel-windows-ix86+x86_64 | 1.5.2 | 14.00 | 75.00 | 89.00 | WARN |
Version: 1.5.2
Check: for unstated dependencies in ‘tests’
Result: WARN
Warning: unable to access index for repository https://bioconductor.org/packages/3.14/bioc/src/contrib:
cannot open URL 'https://bioconductor.org/packages/3.14/bioc/src/contrib/PACKAGES'
Warning: unable to access index for repository https://bioconductor.org/packages/3.14/data/annotation/src/contrib:
cannot open URL 'https://bioconductor.org/packages/3.14/data/annotation/src/contrib/PACKAGES'
Warning: unable to access index for repository https://bioconductor.org/packages/3.14/data/experiment/src/contrib:
cannot open URL 'https://bioconductor.org/packages/3.14/data/experiment/src/contrib/PACKAGES'
Flavor: r-oldrel-windows-ix86+x86_64