Last updated on 2023-03-31 04:51:43 CEST.
Flavor | Version | Tinstall | Tcheck | Ttotal | Status | Flags |
---|---|---|---|---|---|---|
r-devel-linux-x86_64-debian-clang | 0.6.0 | 8.88 | 444.05 | 452.93 | OK | |
r-devel-linux-x86_64-debian-gcc | 0.6.0 | 6.73 | 341.34 | 348.07 | OK | |
r-devel-linux-x86_64-fedora-clang | 0.6.0 | 540.67 | NOTE | |||
r-devel-linux-x86_64-fedora-gcc | 0.6.0 | 544.53 | OK | |||
r-devel-windows-x86_64 | 0.6.0 | 44.00 | 501.00 | 545.00 | NOTE | |
r-patched-linux-x86_64 | 0.6.0 | 10.18 | 428.63 | 438.81 | OK | |
r-release-linux-x86_64 | 0.6.0 | 8.65 | 434.36 | 443.01 | OK | |
r-release-macos-arm64 | 0.6.0 | 174.00 | NOTE | |||
r-release-macos-x86_64 | 0.6.0 | 231.00 | NOTE | |||
r-release-windows-x86_64 | 0.6.0 | 52.00 | 547.00 | 599.00 | NOTE | |
r-oldrel-macos-arm64 | 0.6.0 | 140.00 | NOTE | |||
r-oldrel-macos-x86_64 | 0.6.0 | 230.00 | NOTE | |||
r-oldrel-windows-ix86+x86_64 | 0.6.0 | 20.00 | 486.00 | 506.00 | NOTE |
Version: 0.6.0
Check: installed package size
Result: NOTE
installed size is 5.4Mb
sub-directories of 1Mb or more:
doc 5.1Mb
Flavors: r-devel-linux-x86_64-fedora-clang, r-devel-windows-x86_64, r-release-macos-arm64, r-release-macos-x86_64, r-release-windows-x86_64, r-oldrel-macos-arm64, r-oldrel-macos-x86_64, r-oldrel-windows-ix86+x86_64