Last updated on 2023-03-29 04:51:07 CEST.
Flavor | Version | Tinstall | Tcheck | Ttotal | Status | Flags |
---|---|---|---|---|---|---|
r-devel-linux-x86_64-debian-clang | 0.1.9 | 4.71 | 254.04 | 258.75 | OK | |
r-devel-linux-x86_64-debian-gcc | 0.1.9 | 4.14 | 183.26 | 187.40 | OK | |
r-devel-linux-x86_64-fedora-clang | 0.1.9 | 308.15 | OK | |||
r-devel-linux-x86_64-fedora-gcc | 0.1.9 | 299.03 | OK | |||
r-devel-windows-x86_64 | 0.1.9 | 31.00 | 318.00 | 349.00 | OK | |
r-patched-linux-x86_64 | 0.1.9 | 4.02 | 245.43 | 249.45 | OK | |
r-release-linux-x86_64 | 0.1.9 | 5.24 | 242.23 | 247.47 | OK | |
r-release-macos-arm64 | 0.1.9 | 86.00 | OK | |||
r-release-macos-x86_64 | 0.1.9 | 121.00 | OK | |||
r-release-windows-x86_64 | 0.1.9 | 18.00 | 314.00 | 332.00 | OK | |
r-oldrel-macos-arm64 | 0.1.9 | 88.00 | OK | |||
r-oldrel-macos-x86_64 | 0.1.9 | 120.00 | OK | |||
r-oldrel-windows-ix86+x86_64 | 0.1.9 | 12.00 | 339.00 | 351.00 | NOTE |
Version: 0.1.9
Check: dependencies in R code
Result: NOTE
Initiating curl with CURL_SSL_BACKEND: openssl
Flavor: r-oldrel-windows-ix86+x86_64