Last updated on 2023-03-31 04:51:43 CEST.
Flavor | Version | Tinstall | Tcheck | Ttotal | Status | Flags |
---|---|---|---|---|---|---|
r-devel-linux-x86_64-debian-clang | 0.1.2 | 5.46 | 37.82 | 43.28 | OK | |
r-devel-linux-x86_64-debian-gcc | 0.1.2 | 4.53 | 29.33 | 33.86 | OK | |
r-devel-linux-x86_64-fedora-clang | 0.1.2 | 54.62 | NOTE | |||
r-devel-linux-x86_64-fedora-gcc | 0.1.2 | 63.33 | NOTE | |||
r-devel-windows-x86_64 | 0.1.2 | 30.00 | 82.00 | 112.00 | OK | |
r-patched-linux-x86_64 | 0.1.2 | 3.76 | 36.57 | 40.33 | OK | |
r-release-linux-x86_64 | 0.1.2 | 3.73 | 38.22 | 41.95 | OK | |
r-release-macos-arm64 | 0.1.2 | 23.00 | NOTE | |||
r-release-macos-x86_64 | 0.1.2 | 40.00 | NOTE | |||
r-release-windows-x86_64 | 0.1.2 | 18.00 | 79.00 | 97.00 | OK | |
r-oldrel-macos-arm64 | 0.1.2 | 25.00 | NOTE | |||
r-oldrel-macos-x86_64 | 0.1.2 | 32.00 | NOTE | |||
r-oldrel-windows-ix86+x86_64 | 0.1.2 | 13.00 | 75.00 | 88.00 | OK |
Version: 0.1.2
Check: dependencies in R code
Result: NOTE
Namespaces in Imports field not imported from:
‘mapview’ ‘plotly’
All declared Imports should be used.
Flavors: r-devel-linux-x86_64-fedora-clang, r-devel-linux-x86_64-fedora-gcc, r-release-macos-arm64, r-release-macos-x86_64, r-oldrel-macos-arm64, r-oldrel-macos-x86_64