Last updated on 2023-03-23 04:53:15 CET.
Flavor | Version | Tinstall | Tcheck | Ttotal | Status | Flags |
---|---|---|---|---|---|---|
r-devel-linux-x86_64-debian-clang | 0.1.0 | 2.12 | 41.50 | 43.62 | NOTE | |
r-devel-linux-x86_64-debian-gcc | 0.1.0 | 1.68 | 31.51 | 33.19 | NOTE | |
r-devel-linux-x86_64-fedora-clang | 0.1.0 | 54.12 | NOTE | |||
r-devel-linux-x86_64-fedora-gcc | 0.1.0 | 51.99 | NOTE | |||
r-devel-windows-x86_64 | 0.1.0 | 24.00 | 76.00 | 100.00 | NOTE | |
r-patched-linux-x86_64 | 0.1.0 | 1.94 | 40.70 | 42.64 | NOTE | |
r-release-linux-x86_64 | 0.1.0 | 1.97 | 38.97 | 40.94 | NOTE | |
r-release-macos-arm64 | 0.1.0 | 21.00 | NOTE | |||
r-release-macos-x86_64 | 0.1.0 | 38.00 | NOTE | |||
r-release-windows-x86_64 | 0.1.0 | 23.00 | 74.00 | 97.00 | NOTE | |
r-oldrel-macos-arm64 | 0.1.0 | 25.00 | NOTE | |||
r-oldrel-macos-x86_64 | 0.1.0 | 29.00 | NOTE | |||
r-oldrel-windows-ix86+x86_64 | 0.1.0 | 6.00 | 71.00 | 77.00 | NOTE |
Version: 0.1.0
Check: LazyData
Result: NOTE
'LazyData' is specified without a 'data' directory
Flavors: r-devel-linux-x86_64-debian-clang, r-devel-linux-x86_64-debian-gcc, r-devel-linux-x86_64-fedora-clang, r-devel-linux-x86_64-fedora-gcc, r-devel-windows-x86_64, r-patched-linux-x86_64, r-release-linux-x86_64, r-release-macos-arm64, r-release-macos-x86_64, r-release-windows-x86_64, r-oldrel-macos-arm64, r-oldrel-macos-x86_64, r-oldrel-windows-ix86+x86_64
Version: 0.1.0
Check: dependencies in R code
Result: NOTE
Namespace in Imports field not imported from: ‘lubridate’
All declared Imports should be used.
Flavors: r-devel-linux-x86_64-fedora-clang, r-devel-linux-x86_64-fedora-gcc, r-release-macos-arm64, r-release-macos-x86_64, r-oldrel-macos-arm64, r-oldrel-macos-x86_64