Last updated on 2023-03-21 04:57:47 CET.
Flavor | Version | Tinstall | Tcheck | Ttotal | Status | Flags |
---|---|---|---|---|---|---|
r-devel-linux-x86_64-debian-clang | 1.4.0 | OK | ||||
r-devel-linux-x86_64-debian-gcc | 1.4.0 | 3.81 | 65.68 | 69.49 | OK | |
r-devel-linux-x86_64-fedora-clang | 1.4.0 | 116.97 | NOTE | |||
r-devel-linux-x86_64-fedora-gcc | 1.4.0 | 112.72 | NOTE | |||
r-devel-windows-x86_64 | 1.4.0 | 38.00 | 260.00 | 298.00 | OK | |
r-patched-linux-x86_64 | 1.4.0 | 3.94 | 88.05 | 91.99 | OK | |
r-release-linux-x86_64 | 1.4.0 | 4.45 | 86.69 | 91.14 | OK | |
r-release-macos-arm64 | 1.4.0 | 46.00 | NOTE | |||
r-release-macos-x86_64 | 1.4.0 | 74.00 | NOTE | |||
r-release-windows-x86_64 | 1.4.0 | 24.00 | 258.00 | 282.00 | OK | |
r-oldrel-macos-arm64 | 1.4.0 | 51.00 | NOTE | |||
r-oldrel-macos-x86_64 | 1.4.0 | 64.00 | NOTE | |||
r-oldrel-windows-ix86+x86_64 | 1.4.0 | 10.00 | 191.00 | 201.00 | OK |
Version: 1.4.0
Check: data for non-ASCII characters
Result: NOTE
Note: found 139613 marked UTF-8 strings
Flavors: r-devel-linux-x86_64-fedora-clang, r-devel-linux-x86_64-fedora-gcc, r-release-macos-arm64, r-release-macos-x86_64, r-oldrel-macos-arm64, r-oldrel-macos-x86_64