Last updated on 2023-03-29 04:51:07 CEST.
Flavor | Version | Tinstall | Tcheck | Ttotal | Status | Flags |
---|---|---|---|---|---|---|
r-devel-linux-x86_64-debian-clang | 0.4.1 | 17.00 | 51.25 | 68.25 | OK | |
r-devel-linux-x86_64-debian-gcc | 0.4.1 | 12.95 | 41.45 | 54.40 | OK | |
r-devel-linux-x86_64-fedora-clang | 0.4.1 | 90.79 | NOTE | |||
r-devel-linux-x86_64-fedora-gcc | 0.4.1 | 99.63 | NOTE | |||
r-devel-windows-x86_64 | 0.4.1 | 46.00 | 87.00 | 133.00 | OK | |
r-patched-linux-x86_64 | 0.4.1 | 10.72 | 50.00 | 60.72 | OK | |
r-release-linux-x86_64 | 0.4.1 | 11.66 | 55.69 | 67.35 | OK | |
r-release-macos-arm64 | 0.4.1 | 32.00 | OK | |||
r-release-macos-x86_64 | 0.4.1 | 50.00 | OK | |||
r-release-windows-x86_64 | 0.4.1 | 58.00 | 87.00 | 145.00 | OK | |
r-oldrel-macos-arm64 | 0.4.1 | 35.00 | OK | |||
r-oldrel-macos-x86_64 | 0.4.1 | 53.00 | OK | |||
r-oldrel-windows-ix86+x86_64 | 0.4.1 | 28.00 | 91.00 | 119.00 | OK |
Version: 0.4.1
Check: dependencies in R code
Result: NOTE
Namespace in Imports field not imported from: ‘devtools’
All declared Imports should be used.
Flavors: r-devel-linux-x86_64-fedora-clang, r-devel-linux-x86_64-fedora-gcc