Last updated on 2023-03-29 04:51:07 CEST.
Flavor | Version | Tinstall | Tcheck | Ttotal | Status | Flags |
---|---|---|---|---|---|---|
r-devel-linux-x86_64-debian-clang | 0.2.5 | 16.27 | 203.19 | 219.46 | OK | |
r-devel-linux-x86_64-debian-gcc | 0.2.5 | 12.83 | 159.49 | 172.32 | OK | |
r-devel-linux-x86_64-fedora-clang | 0.2.5 | 284.77 | OK | |||
r-devel-linux-x86_64-fedora-gcc | 0.2.5 | 272.78 | OK | |||
r-devel-windows-x86_64 | 0.2.5 | 40.00 | 274.00 | 314.00 | OK | |
r-patched-linux-x86_64 | 0.2.5 | 18.84 | 199.10 | 217.94 | OK | |
r-release-linux-x86_64 | 0.2.5 | 16.44 | 194.47 | 210.91 | OK | |
r-release-macos-arm64 | 0.2.5 | 70.00 | OK | |||
r-release-macos-x86_64 | 0.2.5 | 114.00 | OK | |||
r-release-windows-x86_64 | 0.2.5 | 40.00 | 258.00 | 298.00 | OK | |
r-oldrel-macos-arm64 | 0.2.4 | 74.00 | NOTE | |||
r-oldrel-macos-x86_64 | 0.2.4 | 100.00 | OK | |||
r-oldrel-windows-ix86+x86_64 | 0.2.4 | 18.00 | 180.00 | 198.00 | OK |
Version: 0.2.4
Check: package dependencies
Result: NOTE
Package suggested but not available for checking: ‘RODBC’
Flavor: r-oldrel-macos-arm64