Last updated on 2023-03-27 04:53:09 CEST.
Flavor | Version | Tinstall | Tcheck | Ttotal | Status | Flags |
---|---|---|---|---|---|---|
r-devel-linux-x86_64-debian-clang | 0.1.3 | 0.26 | 1.78 | 2.04 | ERROR | |
r-devel-linux-x86_64-debian-gcc | 0.1.3 | 24.35 | 178.89 | 203.24 | OK | |
r-devel-linux-x86_64-fedora-gcc | 0.1.3 | 331.74 | OK | |||
r-patched-linux-x86_64 | 0.1.3 | 25.31 | 218.68 | 243.99 | OK | |
r-release-linux-x86_64 | 0.1.3 | 17.99 | 217.23 | 235.22 | OK | |
r-release-macos-arm64 | 0.1.3 | 75.00 | OK | |||
r-release-macos-x86_64 | 0.1.3 | 109.00 | OK | |||
r-release-windows-x86_64 | 0.1.3 | 45.00 | 245.00 | 290.00 | OK | |
r-oldrel-macos-arm64 | 0.1.3 | 63.00 | OK | |||
r-oldrel-macos-x86_64 | 0.1.3 | 102.00 | OK | |||
r-oldrel-windows-ix86+x86_64 | 0.1.3 | 54.00 | 237.00 | 291.00 | NOTE |
Version: 0.1.3
Check: package dependencies
Result: ERROR
Package required but not available: ‘biomaRt’
See section ‘The DESCRIPTION file’ in the ‘Writing R Extensions’
manual.
Flavor: r-devel-linux-x86_64-debian-clang
Version: 0.1.3
Check: R code for possible problems
Result: NOTE
Initiating curl with CURL_SSL_BACKEND: openssl
Flavor: r-oldrel-windows-ix86+x86_64