Last updated on 2023-03-31 04:51:43 CEST.
Flavor | Version | Tinstall | Tcheck | Ttotal | Status | Flags |
---|---|---|---|---|---|---|
r-devel-linux-x86_64-debian-clang | 0.9.3 | 134.90 | 40.71 | 175.61 | NOTE | |
r-devel-linux-x86_64-debian-gcc | 0.9.3 | 106.06 | 31.56 | 137.62 | NOTE | |
r-devel-linux-x86_64-fedora-clang | 0.9.3 | 290.68 | NOTE | |||
r-devel-linux-x86_64-fedora-gcc | 0.9.3 | 247.57 | NOTE | |||
r-devel-windows-x86_64 | 0.9.3 | 126.00 | 100.00 | 226.00 | NOTE | |
r-patched-linux-x86_64 | 0.9.3 | 124.74 | 39.25 | 163.99 | NOTE | |
r-release-linux-x86_64 | 0.9.3 | 120.13 | 40.52 | 160.65 | OK | |
r-release-macos-arm64 | 0.9.3 | 58.00 | OK | |||
r-release-macos-x86_64 | 0.9.3 | 78.00 | OK | |||
r-release-windows-x86_64 | 0.9.3 | 125.00 | 103.00 | 228.00 | OK | |
r-oldrel-macos-arm64 | 0.9.3 | 52.00 | OK | |||
r-oldrel-macos-x86_64 | 0.9.3 | 91.00 | OK | |||
r-oldrel-windows-ix86+x86_64 | 0.9.3 | 346.00 | 101.00 | 447.00 | OK |
Version: 0.9.3
Check: C++ specification
Result: NOTE
Specified C++11: please drop specification unless essential
Flavors: r-devel-linux-x86_64-debian-clang, r-devel-linux-x86_64-debian-gcc, r-devel-linux-x86_64-fedora-clang, r-devel-linux-x86_64-fedora-gcc, r-devel-windows-x86_64, r-patched-linux-x86_64