Last updated on 2023-04-02 04:51:14 CEST.
Flavor | Version | Tinstall | Tcheck | Ttotal | Status | Flags |
---|---|---|---|---|---|---|
r-devel-linux-x86_64-debian-clang | 0.3.5 | 6.51 | 45.08 | 51.59 | OK | |
r-devel-linux-x86_64-debian-gcc | 0.3.5 | 4.07 | 33.99 | 38.06 | OK | |
r-devel-linux-x86_64-fedora-clang | 0.3.5 | 63.24 | OK | |||
r-devel-linux-x86_64-fedora-gcc | 0.3.5 | 70.33 | OK | |||
r-devel-windows-x86_64 | 0.3.5 | 12.00 | 73.00 | 85.00 | OK | |
r-patched-linux-x86_64 | 0.3.5 | 6.87 | 42.19 | 49.06 | OK | |
r-release-linux-x86_64 | 0.3.5 | 5.48 | 43.64 | 49.12 | OK | |
r-release-macos-arm64 | 0.3.5 | 25.00 | OK | |||
r-release-macos-x86_64 | 0.3.5 | 33.00 | OK | |||
r-release-windows-x86_64 | 0.3.5 | 75.00 | 85.00 | 160.00 | OK | |
r-oldrel-macos-arm64 | 0.3.5 | 26.00 | OK | |||
r-oldrel-macos-x86_64 | 0.3.5 | 36.00 | OK | |||
r-oldrel-windows-ix86+x86_64 | 0.3.5 | 12.00 | 75.00 | 87.00 | NOTE |
Version: 0.3.5
Check: dependencies in R code
Result: NOTE
Initiating curl with CURL_SSL_BACKEND: openssl
Flavor: r-oldrel-windows-ix86+x86_64