Last updated on 2023-03-28 04:52:53 CEST.
Flavor | Version | Tinstall | Tcheck | Ttotal | Status | Flags |
---|---|---|---|---|---|---|
r-devel-linux-x86_64-debian-clang | 0.1-2 | 1.95 | 31.96 | 33.91 | NOTE | |
r-devel-linux-x86_64-debian-gcc | 0.1-2 | 2.31 | 24.80 | 27.11 | NOTE | |
r-devel-linux-x86_64-fedora-clang | 0.1-2 | 45.84 | NOTE | |||
r-devel-linux-x86_64-fedora-gcc | 0.1-2 | 53.70 | NOTE | |||
r-devel-windows-x86_64 | 0.1-2 | 16.00 | 67.00 | 83.00 | OK | |
r-patched-linux-x86_64 | 0.1-2 | 2.47 | 31.10 | 33.57 | NOTE | |
r-release-linux-x86_64 | 0.1-2 | 2.68 | 32.57 | 35.25 | NOTE | |
r-release-macos-arm64 | 0.1-2 | 18.00 | OK | |||
r-release-macos-x86_64 | 0.1-2 | 29.00 | OK | |||
r-release-windows-x86_64 | 0.1-2 | 14.00 | 70.00 | 84.00 | OK | |
r-oldrel-macos-arm64 | 0.1-2 | 16.00 | OK | |||
r-oldrel-macos-x86_64 | 0.1-2 | 24.00 | OK | |||
r-oldrel-windows-ix86+x86_64 | 0.1-2 | 6.00 | 63.00 | 69.00 | OK |
Version: 0.1-2
Check: package dependencies
Result: NOTE
Package suggested but not available for checking: ‘tobit1’
Flavors: r-devel-linux-x86_64-debian-clang, r-devel-linux-x86_64-debian-gcc, r-devel-linux-x86_64-fedora-clang, r-devel-linux-x86_64-fedora-gcc, r-patched-linux-x86_64, r-release-linux-x86_64