Last updated on 2023-03-27 04:53:09 CEST.
Flavor | Version | Tinstall | Tcheck | Ttotal | Status | Flags |
---|---|---|---|---|---|---|
r-devel-linux-x86_64-debian-clang | 2.2-11 | 12.50 | 73.14 | 85.64 | NOTE | |
r-devel-linux-x86_64-debian-gcc | 2.2-11 | 8.43 | 56.60 | 65.03 | NOTE | |
r-devel-linux-x86_64-fedora-gcc | 2.2-11 | 101.02 | NOTE | |||
r-patched-linux-x86_64 | 2.2-11 | 10.93 | 70.77 | 81.70 | NOTE | |
r-release-linux-x86_64 | 2.2-11 | 9.97 | 68.33 | 78.30 | OK | |
r-release-macos-arm64 | 2.2-11 | 34.00 | OK | |||
r-release-macos-x86_64 | 2.2-11 | 46.00 | OK | |||
r-release-windows-x86_64 | 2.2-11 | 24.00 | 105.00 | 129.00 | OK | |
r-oldrel-macos-arm64 | 2.2-11 | 32.00 | OK | |||
r-oldrel-macos-x86_64 | 2.2-11 | 51.00 | OK | |||
r-oldrel-windows-ix86+x86_64 | 2.2-11 | 25.00 | 121.00 | 146.00 | OK |
Version: 2.2-11
Check: Rd files
Result: NOTE
checkRd: (-1) plot.predict.crr.Rd:18: Escaped LaTeX specials: \#
checkRd: (-1) plot.predict.crr.Rd:22: Escaped LaTeX specials: \#
Flavors: r-devel-linux-x86_64-debian-clang, r-devel-linux-x86_64-debian-gcc, r-devel-linux-x86_64-fedora-gcc, r-patched-linux-x86_64
Version: 2.2-11
Check: compiled code
Result: NOTE
File ‘cmprsk/libs/cmprsk.so’:
Found no calls to: ‘R_registerRoutines’, ‘R_useDynamicSymbols’
It is good practice to register native routines and to disable symbol
search.
See ‘Writing portable packages’ in the ‘Writing R Extensions’ manual.
Flavor: r-devel-linux-x86_64-fedora-gcc