Last updated on 2023-02-04 04:53:45 CET.
Flavor | Version | Tinstall | Tcheck | Ttotal | Status | Flags |
---|---|---|---|---|---|---|
r-devel-linux-x86_64-debian-clang | 2.1.4 | 10.82 | 143.04 | 153.86 | OK | |
r-devel-linux-x86_64-debian-gcc | 2.1.4 | 7.85 | 100.33 | 108.18 | OK | |
r-devel-linux-x86_64-fedora-clang | 2.1.4 | 192.85 | NOTE | |||
r-devel-linux-x86_64-fedora-gcc | 2.1.4 | 190.62 | OK | |||
r-devel-windows-x86_64 | 2.1.4 | 78.00 | 191.00 | 269.00 | OK | |
r-patched-linux-x86_64 | 2.1.4 | 9.61 | 134.30 | 143.91 | OK | |
r-release-linux-x86_64 | 2.1.4 | 7.94 | 134.68 | 142.62 | OK | |
r-release-macos-arm64 | 2.1.4 | 57.00 | OK | |||
r-release-macos-x86_64 | 2.1.4 | 108.00 | OK | |||
r-release-windows-x86_64 | 2.1.4 | 69.00 | 191.00 | 260.00 | OK | |
r-oldrel-macos-arm64 | 2.1.4 | 56.00 | OK | |||
r-oldrel-macos-x86_64 | 2.1.4 | 109.00 | OK | |||
r-oldrel-windows-ix86+x86_64 | 2.1.4 | 29.00 | 278.00 | 307.00 | OK |
Version: 2.1.4
Check: Rd cross-references
Result: NOTE
Undeclared packages ‘mvoutlier’, ‘fpc’, ‘ellipse’, ‘sfsmisc’ in Rd xrefs
Flavor: r-devel-linux-x86_64-fedora-clang