Last updated on 2023-02-08 04:51:54 CET.
Flavor | Version | Tinstall | Tcheck | Ttotal | Status | Flags |
---|---|---|---|---|---|---|
r-devel-linux-x86_64-debian-clang | 3.1.2 | 8.75 | 102.10 | 110.85 | NOTE | |
r-devel-linux-x86_64-debian-gcc | 3.1.2 | 5.95 | 75.74 | 81.69 | NOTE | |
r-devel-linux-x86_64-fedora-clang | 3.1.2 | 134.48 | NOTE | |||
r-devel-linux-x86_64-fedora-gcc | 3.1.2 | 133.56 | NOTE | |||
r-devel-windows-x86_64 | 3.1.2 | 28.00 | 142.00 | 170.00 | NOTE | |
r-patched-linux-x86_64 | 3.1.2 | 5.61 | 96.59 | 102.20 | OK | |
r-release-linux-x86_64 | 3.1.2 | 7.96 | 94.51 | 102.47 | OK | |
r-release-macos-arm64 | 3.1.2 | 33.00 | OK | |||
r-release-macos-x86_64 | 3.1.2 | 52.00 | OK | |||
r-release-windows-x86_64 | 3.1.2 | 13.00 | 137.00 | 150.00 | OK | |
r-oldrel-macos-arm64 | 3.1.2 | 37.00 | NOTE | |||
r-oldrel-macos-x86_64 | 3.1.2 | 65.00 | OK | |||
r-oldrel-windows-ix86+x86_64 | 3.1.2 | 13.00 | 131.00 | 144.00 | OK |
Version: 3.1.2
Check: Rd files
Result: NOTE
checkRd: (-1) diagwl.Rd:3: Escaped LaTeX specials: \&
checkRd: (-1) diagwl.Rd:5: Escaped LaTeX specials: \&
Flavors: r-devel-linux-x86_64-debian-clang, r-devel-linux-x86_64-debian-gcc, r-devel-linux-x86_64-fedora-clang, r-devel-linux-x86_64-fedora-gcc, r-devel-windows-x86_64
Version: 3.1.2
Check: package dependencies
Result: NOTE
Package suggested but not available for checking: ‘RODBC’
Flavor: r-oldrel-macos-arm64