Last updated on 2023-03-31 04:51:43 CEST.
Flavor | Version | Tinstall | Tcheck | Ttotal | Status | Flags |
---|---|---|---|---|---|---|
r-devel-linux-x86_64-debian-clang | 0.9.0 | 71.52 | 441.71 | 513.23 | NOTE | |
r-devel-linux-x86_64-debian-gcc | 0.9.0 | 57.96 | 327.64 | 385.60 | NOTE | |
r-devel-linux-x86_64-fedora-clang | 0.9.0 | 626.37 | NOTE | |||
r-devel-linux-x86_64-fedora-gcc | 0.9.0 | 612.96 | NOTE | |||
r-devel-windows-x86_64 | 0.9.0 | 65.00 | 432.00 | 497.00 | NOTE | |
r-patched-linux-x86_64 | 0.9.0 | 61.24 | 421.42 | 482.66 | NOTE | |
r-release-linux-x86_64 | 0.9.0 | 57.66 | 409.80 | 467.46 | OK | |
r-release-macos-arm64 | 0.9.0 | 128.00 | NOTE | |||
r-release-macos-x86_64 | 0.9.0 | 259.00 | NOTE | |||
r-release-windows-x86_64 | 0.9.0 | 66.00 | 456.00 | 522.00 | OK | |
r-oldrel-macos-arm64 | 0.9.0 | 141.00 | NOTE | |||
r-oldrel-macos-x86_64 | 0.9.0 | 166.00 | NOTE | |||
r-oldrel-windows-ix86+x86_64 | 0.9.0 | 154.00 | 607.00 | 761.00 | OK |
Version: 0.9.0
Check: C++ specification
Result: NOTE
Specified C++11: please drop specification unless essential
Flavors: r-devel-linux-x86_64-debian-clang, r-devel-linux-x86_64-debian-gcc, r-devel-linux-x86_64-fedora-clang, r-devel-linux-x86_64-fedora-gcc, r-devel-windows-x86_64, r-patched-linux-x86_64
Version: 0.9.0
Check: package subdirectories
Result: NOTE
Problems with news in ‘NEWS.md’:
Cannot extract version info from the following section titles:
clhs_0.7-2
clhs_0.7-0
clhs_0.6-0
clhs_0.5-7
clhs_0.5-6
clhs_0.5-3
clhs_0.5-2
clhs_0.5-1
clhs_0.5-0
clhs_0.4-3
clhs_0.4-2
clhs_0.4-1
clhs_0.4-0
clhs_0.3-2
clhs_0.3-1
clhs_0.3-0
clhs_0.2-1
clhs_0.2-0
clhs_0.1-0
Flavors: r-devel-linux-x86_64-debian-clang, r-devel-linux-x86_64-debian-gcc, r-devel-linux-x86_64-fedora-clang, r-devel-linux-x86_64-fedora-gcc, r-devel-windows-x86_64, r-patched-linux-x86_64
Version: 0.9.0
Check: dependencies in R code
Result: NOTE
Namespace in Imports field not imported from: ‘sp’
All declared Imports should be used.
Flavors: r-devel-linux-x86_64-fedora-clang, r-devel-linux-x86_64-fedora-gcc, r-release-macos-arm64, r-release-macos-x86_64, r-oldrel-macos-arm64, r-oldrel-macos-x86_64