Last updated on 2023-03-21 04:57:46 CET.
Flavor | Version | Tinstall | Tcheck | Ttotal | Status | Flags |
---|---|---|---|---|---|---|
r-devel-linux-x86_64-debian-clang | 0.6.0 | WARN | ||||
r-devel-linux-x86_64-debian-gcc | 0.7.0 | 7.93 | 63.48 | 71.41 | OK | |
r-devel-linux-x86_64-fedora-clang | 0.7.0 | 124.65 | OK | |||
r-devel-linux-x86_64-fedora-gcc | 0.7.0 | 111.93 | OK | |||
r-devel-windows-x86_64 | 0.7.0 | 75.00 | 138.00 | 213.00 | OK | |
r-patched-linux-x86_64 | 0.7.0 | 12.43 | 81.20 | 93.63 | OK | |
r-release-linux-x86_64 | 0.7.0 | 9.29 | 79.85 | 89.14 | OK | |
r-release-macos-arm64 | 0.7.0 | 33.00 | OK | |||
r-release-macos-x86_64 | 0.7.0 | 49.00 | OK | |||
r-release-windows-x86_64 | 0.7.0 | 62.00 | 155.00 | 217.00 | OK | |
r-oldrel-macos-arm64 | 0.7.0 | 34.00 | OK | |||
r-oldrel-macos-x86_64 | 0.7.0 | 51.00 | OK | |||
r-oldrel-windows-ix86+x86_64 | 0.7.0 | 3.00 | 21.00 | 24.00 | ERROR |
Version: 0.6.0
Check: S3 generic/method consistency
Result: WARN
sql_translate_env:
function(con)
sql_translate_env.src_ckan:
function(x)
See section ‘Generic functions and methods’ in the ‘Writing R
Extensions’ manual.
Flavor: r-devel-linux-x86_64-debian-clang
Version: 0.6.0
Check: LazyData
Result: NOTE
'LazyData' is specified without a 'data' directory
Flavor: r-devel-linux-x86_64-debian-clang
Version: 0.7.0
Check: whether package can be installed
Result: ERROR
Installation failed.
Flavor: r-oldrel-windows-ix86+x86_64