Last updated on 2023-03-23 04:53:14 CET.
Flavor | Version | Tinstall | Tcheck | Ttotal | Status | Flags |
---|---|---|---|---|---|---|
r-devel-linux-x86_64-debian-clang | 2.1.0 | 18.20 | 168.20 | 186.40 | OK | |
r-devel-linux-x86_64-debian-gcc | 2.1.0 | 13.77 | 123.93 | 137.70 | OK | |
r-devel-linux-x86_64-fedora-clang | 2.1.0 | 234.86 | NOTE | |||
r-devel-linux-x86_64-fedora-gcc | 2.1.0 | 213.16 | NOTE | |||
r-devel-windows-x86_64 | 2.1.0 | 23.00 | 192.00 | 215.00 | OK | |
r-patched-linux-x86_64 | 2.1.0 | 19.05 | 153.90 | 172.95 | OK | |
r-release-linux-x86_64 | 2.1.0 | 13.89 | 152.85 | 166.74 | OK | |
r-release-macos-arm64 | 2.1.0 | 60.00 | NOTE | |||
r-release-macos-x86_64 | 2.1.0 | 121.00 | NOTE | |||
r-release-windows-x86_64 | 2.1.0 | 32.00 | 191.00 | 223.00 | OK | |
r-oldrel-macos-arm64 | 2.1.0 | 70.00 | NOTE | |||
r-oldrel-macos-x86_64 | 2.1.0 | 149.00 | NOTE | |||
r-oldrel-windows-ix86+x86_64 | 2.1.0 | 38.00 | 185.00 | 223.00 | OK |
Version: 2.1.0
Check: dependencies in R code
Result: NOTE
Namespace in Imports field not imported from: ‘shinyBS’
All declared Imports should be used.
Flavors: r-devel-linux-x86_64-fedora-clang, r-devel-linux-x86_64-fedora-gcc, r-release-macos-arm64, r-release-macos-x86_64, r-oldrel-macos-arm64, r-oldrel-macos-x86_64
Version: 2.1.0
Check: data for non-ASCII characters
Result: NOTE
Note: found 29 marked UTF-8 strings
Flavors: r-devel-linux-x86_64-fedora-clang, r-devel-linux-x86_64-fedora-gcc, r-release-macos-arm64, r-release-macos-x86_64, r-oldrel-macos-arm64, r-oldrel-macos-x86_64