Last updated on 2023-02-04 04:53:44 CET.
Flavor | Version | Tinstall | Tcheck | Ttotal | Status | Flags |
---|---|---|---|---|---|---|
r-devel-linux-x86_64-debian-clang | 0.2.3 | 6.96 | 153.52 | 160.48 | OK | |
r-devel-linux-x86_64-debian-gcc | 0.2.3 | 5.58 | 115.33 | 120.91 | OK | |
r-devel-linux-x86_64-fedora-clang | 0.2.3 | 199.17 | OK | |||
r-devel-linux-x86_64-fedora-gcc | 0.2.3 | 204.48 | OK | |||
r-devel-windows-x86_64 | 0.2.3 | 34.00 | 201.00 | 235.00 | OK | |
r-patched-linux-x86_64 | 0.2.3 | 8.40 | 141.45 | 149.85 | OK | |
r-release-linux-x86_64 | 0.2.3 | 5.83 | 148.15 | 153.98 | OK | |
r-release-macos-arm64 | 0.2.3 | 7.00 | ERROR | |||
r-release-macos-x86_64 | 0.2.3 | 9.00 | ERROR | |||
r-release-windows-x86_64 | 0.2.3 | 32.00 | 192.00 | 224.00 | OK | |
r-oldrel-macos-arm64 | 0.2.3 | 9.00 | ERROR | |||
r-oldrel-macos-x86_64 | 0.2.3 | 12.00 | ERROR | |||
r-oldrel-windows-ix86+x86_64 | 0.2.3 | 18.00 | 193.00 | 211.00 | OK |
Version: 0.2.3
Check: package dependencies
Result: ERROR
Packages required but not available:
'ChIPseeker', 'TxDb.Hsapiens.UCSC.hg38.knownGene',
'TxDb.Mmusculus.UCSC.mm10.knownGene'
See section ‘The DESCRIPTION file’ in the ‘Writing R Extensions’
manual.
Flavor: r-release-macos-arm64
Version: 0.2.3
Check: package dependencies
Result: ERROR
Package required but not available: ‘TxDb.Mmusculus.UCSC.mm10.knownGene’
See section ‘The DESCRIPTION file’ in the ‘Writing R Extensions’
manual.
Flavors: r-release-macos-x86_64, r-oldrel-macos-arm64, r-oldrel-macos-x86_64