CRAN Package Check Results for Package cifti

Last updated on 2023-03-23 04:53:14 CET.

Flavor Version Tinstall Tcheck Ttotal Status Flags
r-devel-linux-x86_64-debian-clang 0.4.5 7.06 61.16 68.22 NOTE
r-devel-linux-x86_64-debian-gcc 0.4.5 5.12 47.72 52.84 NOTE
r-devel-linux-x86_64-fedora-clang 0.4.5 85.82 NOTE
r-devel-linux-x86_64-fedora-gcc 0.4.5 91.33 NOTE
r-devel-windows-x86_64 0.4.5 19.00 92.00 111.00 NOTE
r-patched-linux-x86_64 0.4.5 6.27 60.33 66.60 NOTE
r-release-linux-x86_64 0.4.5 6.53 59.41 65.94 NOTE
r-release-macos-arm64 0.4.5 27.00 NOTE
r-release-macos-x86_64 0.4.5 41.00 NOTE
r-release-windows-x86_64 0.4.5 27.00 90.00 117.00 NOTE
r-oldrel-macos-arm64 0.4.5 33.00 NOTE
r-oldrel-macos-x86_64 0.4.5 48.00 NOTE
r-oldrel-windows-ix86+x86_64 0.4.5 14.00 86.00 100.00 NOTE

Check Details

Version: 0.4.5
Check: LazyData
Result: NOTE
     'LazyData' is specified without a 'data' directory
Flavors: r-devel-linux-x86_64-debian-clang, r-devel-linux-x86_64-debian-gcc, r-devel-linux-x86_64-fedora-clang, r-devel-linux-x86_64-fedora-gcc, r-devel-windows-x86_64, r-patched-linux-x86_64, r-release-linux-x86_64, r-release-macos-arm64, r-release-macos-x86_64, r-release-windows-x86_64, r-oldrel-macos-arm64, r-oldrel-macos-x86_64, r-oldrel-windows-ix86+x86_64