Last updated on 2023-02-08 04:51:54 CET.
Flavor | Version | Tinstall | Tcheck | Ttotal | Status | Flags |
---|---|---|---|---|---|---|
r-devel-linux-x86_64-debian-clang | 0.7.9 | 17.04 | 228.24 | 245.28 | OK | |
r-devel-linux-x86_64-debian-gcc | 0.7.9 | 15.16 | 162.34 | 177.50 | OK | |
r-devel-linux-x86_64-fedora-clang | 0.7.9 | 302.24 | NOTE | |||
r-devel-linux-x86_64-fedora-gcc | 0.7.9 | 290.67 | NOTE | |||
r-devel-windows-x86_64 | 0.7.9 | 46.00 | 273.00 | 319.00 | OK | |
r-patched-linux-x86_64 | 0.7.9 | 16.85 | 207.12 | 223.97 | OK | |
r-release-linux-x86_64 | 0.7.9 | 16.43 | 205.75 | 222.18 | OK | |
r-release-macos-arm64 | 0.7.9 | 63.00 | NOTE | |||
r-release-macos-x86_64 | 0.7.9 | 132.00 | NOTE | |||
r-release-windows-x86_64 | 0.7.9 | 96.00 | 278.00 | 374.00 | OK | |
r-oldrel-macos-arm64 | 0.7.9 | 82.00 | NOTE | |||
r-oldrel-macos-x86_64 | 0.7.9 | 95.00 | NOTE | |||
r-oldrel-windows-ix86+x86_64 | 0.7.9 | 37.00 | 242.00 | 279.00 | OK |
Version: 0.7.9
Check: dependencies in R code
Result: NOTE
Namespace in Imports field not imported from: ‘raster’
All declared Imports should be used.
Flavors: r-devel-linux-x86_64-fedora-clang, r-devel-linux-x86_64-fedora-gcc, r-release-macos-arm64, r-release-macos-x86_64, r-oldrel-macos-arm64, r-oldrel-macos-x86_64