Last updated on 2023-03-25 04:54:35 CET.
Flavor | Version | Tinstall | Tcheck | Ttotal | Status | Flags |
---|---|---|---|---|---|---|
r-devel-linux-x86_64-debian-clang | 0.2.3 | 12.96 | 94.98 | 107.94 | NOTE | |
r-devel-linux-x86_64-debian-gcc | 0.2.3 | 9.92 | 73.76 | 83.68 | NOTE | |
r-devel-linux-x86_64-fedora-clang | 0.2.3 | 127.75 | NOTE | |||
r-devel-linux-x86_64-fedora-gcc | 0.2.3 | 135.79 | NOTE | |||
r-patched-linux-x86_64 | 0.2.3 | 12.57 | 89.62 | 102.19 | NOTE | |
r-release-linux-x86_64 | 0.2.3 | 12.27 | 88.52 | 100.79 | NOTE | |
r-release-macos-arm64 | 0.2.3 | 32.00 | NOTE | |||
r-release-macos-x86_64 | 0.2.3 | 58.00 | NOTE | |||
r-release-windows-x86_64 | 0.2.3 | 60.00 | 129.00 | 189.00 | NOTE | |
r-oldrel-macos-arm64 | 0.2.3 | 39.00 | NOTE | |||
r-oldrel-macos-x86_64 | 0.2.3 | 81.00 | NOTE | |||
r-oldrel-windows-ix86+x86_64 | 0.2.3 | 27.00 | 127.00 | 154.00 | NOTE |
Version: 0.2.3
Check: LazyData
Result: NOTE
'LazyData' is specified without a 'data' directory
Flavors: r-devel-linux-x86_64-debian-clang, r-devel-linux-x86_64-debian-gcc, r-devel-linux-x86_64-fedora-clang, r-devel-linux-x86_64-fedora-gcc, r-patched-linux-x86_64, r-release-linux-x86_64, r-release-macos-arm64, r-release-macos-x86_64, r-release-windows-x86_64, r-oldrel-macos-arm64, r-oldrel-macos-x86_64, r-oldrel-windows-ix86+x86_64