CRAN Package Check Results for Package censusr

Last updated on 2023-03-21 04:57:46 CET.

Flavor Version Tinstall Tcheck Ttotal Status Flags
r-devel-linux-x86_64-debian-clang 0.0.4 NOTE
r-devel-linux-x86_64-debian-gcc 0.0.4 3.97 34.52 38.49 NOTE
r-devel-linux-x86_64-fedora-clang 0.0.4 63.66 NOTE
r-devel-linux-x86_64-fedora-gcc 0.0.4 71.10 NOTE
r-devel-windows-x86_64 0.0.4 19.00 71.00 90.00 NOTE
r-patched-linux-x86_64 0.0.4 5.23 43.22 48.45 NOTE
r-release-linux-x86_64 0.0.4 4.81 44.23 49.04 NOTE
r-release-macos-arm64 0.0.4 24.00 NOTE
r-release-macos-x86_64 0.0.4 44.00 NOTE
r-release-windows-x86_64 0.0.4 15.00 74.00 89.00 NOTE
r-oldrel-macos-arm64 0.0.4 27.00 NOTE
r-oldrel-macos-x86_64 0.0.4 42.00 NOTE
r-oldrel-windows-ix86+x86_64 0.0.4 12.00 68.00 80.00 NOTE

Check Details

Version: 0.0.4
Check: LazyData
Result: NOTE
     'LazyData' is specified without a 'data' directory
Flavors: r-devel-linux-x86_64-debian-clang, r-devel-linux-x86_64-debian-gcc, r-devel-linux-x86_64-fedora-clang, r-devel-linux-x86_64-fedora-gcc, r-devel-windows-x86_64, r-patched-linux-x86_64, r-release-linux-x86_64, r-release-macos-arm64, r-release-macos-x86_64, r-release-windows-x86_64, r-oldrel-macos-arm64, r-oldrel-macos-x86_64, r-oldrel-windows-ix86+x86_64