CRAN Package Check Results for Package catseyes

Last updated on 2023-03-22 04:52:40 CET.

Flavor Version Tinstall Tcheck Ttotal Status Flags
r-devel-linux-x86_64-debian-clang 0.2.5 2.28 21.79 24.07 NOTE
r-devel-linux-x86_64-debian-gcc 0.2.5 1.76 16.87 18.63 NOTE
r-devel-linux-x86_64-fedora-clang 0.2.5 30.46 NOTE
r-devel-linux-x86_64-fedora-gcc 0.2.5 31.17 NOTE
r-devel-windows-x86_64 0.2.5 3.00 50.00 53.00 NOTE
r-patched-linux-x86_64 0.2.5 2.28 22.01 24.29 NOTE
r-release-linux-x86_64 0.2.5 2.17 22.28 24.45 NOTE
r-release-macos-arm64 0.2.5 16.00 NOTE
r-release-macos-x86_64 0.2.5 25.00 NOTE
r-release-windows-x86_64 0.2.5 10.00 52.00 62.00 NOTE
r-oldrel-macos-arm64 0.2.5 27.00 NOTE
r-oldrel-macos-x86_64 0.2.5 30.00 NOTE
r-oldrel-windows-ix86+x86_64 0.2.5 5.00 45.00 50.00 NOTE

Check Details

Version: 0.2.5
Check: LazyData
Result: NOTE
     'LazyData' is specified without a 'data' directory
Flavors: r-devel-linux-x86_64-debian-clang, r-devel-linux-x86_64-debian-gcc, r-devel-linux-x86_64-fedora-clang, r-devel-linux-x86_64-fedora-gcc, r-devel-windows-x86_64, r-patched-linux-x86_64, r-release-linux-x86_64, r-release-macos-arm64, r-release-macos-x86_64, r-release-windows-x86_64, r-oldrel-macos-arm64, r-oldrel-macos-x86_64, r-oldrel-windows-ix86+x86_64