Last updated on 2023-03-27 04:53:08 CEST.
Flavor | Version | Tinstall | Tcheck | Ttotal | Status | Flags |
---|---|---|---|---|---|---|
r-devel-linux-x86_64-debian-clang | 0.1.0 | 11.72 | 135.44 | 147.16 | NOTE | |
r-devel-linux-x86_64-debian-gcc | 0.1.0 | 9.06 | 102.87 | 111.93 | NOTE | |
r-devel-linux-x86_64-fedora-gcc | 0.1.0 | 187.17 | NOTE | |||
r-patched-linux-x86_64 | 0.1.0 | 9.19 | 129.68 | 138.87 | NOTE | |
r-release-linux-x86_64 | 0.1.0 | 7.52 | 132.76 | 140.28 | OK | |
r-release-macos-arm64 | 0.1.0 | 53.00 | NOTE | |||
r-release-macos-x86_64 | 0.1.0 | 89.00 | NOTE | |||
r-release-windows-x86_64 | 0.1.0 | 41.00 | 171.00 | 212.00 | OK | |
r-oldrel-macos-arm64 | 0.1.0 | 117.00 | NOTE | |||
r-oldrel-macos-x86_64 | 0.1.0 | 100.00 | NOTE | |||
r-oldrel-windows-ix86+x86_64 | 0.1.0 | 24.00 | 201.00 | 225.00 | OK |
Version: 0.1.0
Check: package subdirectories
Result: NOTE
Problems with news in ‘NEWS.md’:
No news entries found.
Flavors: r-devel-linux-x86_64-debian-clang, r-devel-linux-x86_64-debian-gcc, r-devel-linux-x86_64-fedora-gcc, r-patched-linux-x86_64
Version: 0.1.0
Check: dependencies in R code
Result: NOTE
Namespaces in Imports field not imported from:
‘Hmisc’ ‘methods’ ‘readr’ ‘recipes’ ‘sf’ ‘stringr’ ‘utils’
All declared Imports should be used.
Flavors: r-devel-linux-x86_64-fedora-gcc, r-release-macos-arm64, r-release-macos-x86_64, r-oldrel-macos-arm64, r-oldrel-macos-x86_64