Last updated on 2023-03-27 04:53:08 CEST.
Flavor | Version | Tinstall | Tcheck | Ttotal | Status | Flags |
---|---|---|---|---|---|---|
r-devel-linux-x86_64-debian-clang | 3.1-1 | 23.27 | 178.34 | 201.61 | OK | |
r-devel-linux-x86_64-debian-gcc | 3.1-1 | 15.78 | 132.89 | 148.67 | OK | |
r-devel-linux-x86_64-fedora-gcc | 3.1-1 | 246.16 | OK | |||
r-patched-linux-x86_64 | 3.1-1 | 33.90 | 172.93 | 206.83 | OK | |
r-release-linux-x86_64 | 3.1-1 | 20.67 | 160.42 | 181.09 | OK | |
r-release-macos-arm64 | 3.1-1 | 59.00 | OK | |||
r-release-macos-x86_64 | 3.1-1 | 80.00 | OK | |||
r-release-windows-x86_64 | 3.1-1 | 116.00 | 241.00 | 357.00 | OK | |
r-oldrel-macos-arm64 | 3.1-1 | 66.00 | OK | |||
r-oldrel-macos-x86_64 | 3.1-1 | 83.00 | OK | |||
r-oldrel-windows-ix86+x86_64 | 3.1-1 | 37.00 | 229.00 | 266.00 | NOTE |
Version: 3.1-1
Check: dependencies in R code
Result: NOTE
Initiating curl with CURL_SSL_BACKEND: openssl
Flavor: r-oldrel-windows-ix86+x86_64