CRAN Package Check Results for Package capm

Last updated on 2023-03-31 04:51:42 CEST.

Flavor Version Tinstall Tcheck Ttotal Status Flags
r-devel-linux-x86_64-debian-clang 0.14.0 18.84 151.54 170.38 OK
r-devel-linux-x86_64-debian-gcc 0.14.0 14.52 111.45 125.97 OK
r-devel-linux-x86_64-fedora-clang 0.14.0 204.37 NOTE
r-devel-linux-x86_64-fedora-gcc 0.14.0 194.19 NOTE
r-devel-windows-x86_64 0.14.0 26.00 0.00 26.00 OK
r-patched-linux-x86_64 0.14.0 21.00 139.75 160.75 OK
r-release-linux-x86_64 0.14.0 15.78 140.68 156.46 OK
r-release-macos-arm64 0.14.0 52.00 NOTE
r-release-macos-x86_64 0.14.0 101.00 NOTE
r-release-windows-x86_64 0.14.0 22.00 184.00 206.00 OK
r-oldrel-macos-arm64 0.14.0 63.00 NOTE
r-oldrel-macos-x86_64 0.14.0 81.00 NOTE
r-oldrel-windows-ix86+x86_64 0.14.0 37.00 169.00 206.00 OK

Check Details

Version: 0.14.0
Check: data for non-ASCII characters
Result: NOTE
     Note: found 59 marked UTF-8 strings
Flavors: r-devel-linux-x86_64-fedora-clang, r-devel-linux-x86_64-fedora-gcc, r-release-macos-arm64, r-release-macos-x86_64, r-oldrel-macos-arm64, r-oldrel-macos-x86_64