Last updated on 2023-03-27 04:53:08 CEST.
Flavor | Version | Tinstall | Tcheck | Ttotal | Status | Flags |
---|---|---|---|---|---|---|
r-devel-linux-x86_64-debian-clang | 0.3.0 | 1.87 | 24.77 | 26.64 | NOTE | |
r-devel-linux-x86_64-debian-gcc | 0.3.0 | 1.72 | 19.42 | 21.14 | NOTE | |
r-devel-linux-x86_64-fedora-gcc | 0.3.0 | 43.37 | NOTE | |||
r-patched-linux-x86_64 | 0.3.0 | 2.30 | 23.85 | 26.15 | NOTE | |
r-release-linux-x86_64 | 0.3.0 | 2.06 | 25.39 | 27.45 | NOTE | |
r-release-macos-arm64 | 0.3.0 | 16.00 | NOTE | |||
r-release-macos-x86_64 | 0.3.0 | 23.00 | NOTE | |||
r-release-windows-x86_64 | 0.3.0 | 12.00 | 57.00 | 69.00 | NOTE | |
r-oldrel-macos-arm64 | 0.3.0 | 23.00 | NOTE | |||
r-oldrel-macos-x86_64 | 0.3.0 | 29.00 | NOTE | |||
r-oldrel-windows-ix86+x86_64 | 0.3.0 | 5.00 | 87.00 | 92.00 | NOTE |
Version: 0.3.0
Check: LazyData
Result: NOTE
'LazyData' is specified without a 'data' directory
Flavors: r-devel-linux-x86_64-debian-clang, r-devel-linux-x86_64-debian-gcc, r-devel-linux-x86_64-fedora-gcc, r-patched-linux-x86_64, r-release-linux-x86_64, r-release-macos-arm64, r-release-macos-x86_64, r-release-windows-x86_64, r-oldrel-macos-arm64, r-oldrel-macos-x86_64, r-oldrel-windows-ix86+x86_64