Last updated on 2023-03-23 04:53:14 CET.
Flavor | Version | Tinstall | Tcheck | Ttotal | Status | Flags |
---|---|---|---|---|---|---|
r-devel-linux-x86_64-debian-clang | 0.4.0 | 17.03 | 483.21 | 500.24 | OK | |
r-devel-linux-x86_64-debian-gcc | 0.4.0 | 12.76 | 358.46 | 371.22 | OK | |
r-devel-linux-x86_64-fedora-clang | 0.4.0 | 600.94 | NOTE | |||
r-devel-linux-x86_64-fedora-gcc | 0.4.0 | 580.52 | NOTE | |||
r-devel-windows-x86_64 | 0.4.0 | 25.00 | 505.00 | 530.00 | OK | |
r-patched-linux-x86_64 | 0.4.0 | 10.32 | 423.66 | 433.98 | OK | |
r-release-linux-x86_64 | 0.4.0 | 10.45 | 458.45 | 468.90 | OK | |
r-release-macos-arm64 | 0.4.0 | 111.00 | NOTE | |||
r-release-macos-x86_64 | 0.4.0 | 156.00 | NOTE | |||
r-release-windows-x86_64 | 0.4.0 | 39.00 | 486.00 | 525.00 | OK | |
r-oldrel-macos-arm64 | 0.4.0 | 113.00 | NOTE | |||
r-oldrel-macos-x86_64 | 0.4.0 | 157.00 | NOTE | |||
r-oldrel-windows-ix86+x86_64 | 0.4.0 | 36.00 | 513.00 | 549.00 | OK |
Version: 0.4.0
Check: data for non-ASCII characters
Result: NOTE
Note: found 58 marked UTF-8 strings
Flavors: r-devel-linux-x86_64-fedora-clang, r-devel-linux-x86_64-fedora-gcc, r-release-macos-arm64, r-release-macos-x86_64, r-oldrel-macos-arm64, r-oldrel-macos-x86_64