Last updated on 2023-03-24 04:52:24 CET.
Flavor | Version | Tinstall | Tcheck | Ttotal | Status | Flags |
---|---|---|---|---|---|---|
r-devel-linux-x86_64-debian-clang | 1.18.2 | 7.12 | 41.29 | 48.41 | OK | |
r-devel-linux-x86_64-debian-gcc | 1.18.2 | 5.05 | 31.46 | 36.51 | OK | |
r-devel-linux-x86_64-fedora-clang | 1.18.2 | 59.98 | NOTE | |||
r-devel-linux-x86_64-fedora-gcc | 1.18.2 | 57.38 | OK | |||
r-devel-windows-x86_64 | 1.18.2 | 30.00 | 78.00 | 108.00 | OK | |
r-patched-linux-x86_64 | 1.18.2 | 6.93 | 37.43 | 44.36 | OK | |
r-release-linux-x86_64 | 1.18.2 | 6.50 | 37.79 | 44.29 | OK | |
r-release-macos-arm64 | 1.18.2 | 25.00 | OK | |||
r-release-macos-x86_64 | 1.18.2 | 32.00 | OK | |||
r-release-windows-x86_64 | 1.18.2 | 132.00 | 72.00 | 204.00 | OK | |
r-oldrel-macos-arm64 | 1.18.2 | 34.00 | OK | |||
r-oldrel-macos-x86_64 | 1.18.2 | 48.00 | OK | |||
r-oldrel-windows-ix86+x86_64 | 1.18.2 | 16.00 | 86.00 | 102.00 | OK |
Version: 1.18.2
Check: Rd cross-references
Result: NOTE
Undeclared packages ‘pixmap’, ‘XML’, ‘exactRankTests’, ‘coin’, ‘ROCR’, ‘Epi’, ‘verification’, ‘Hmisc’, ‘gtools’, ‘magic’, ‘zoo’ in Rd xrefs
Flavor: r-devel-linux-x86_64-fedora-clang