Last updated on 2023-03-28 04:52:52 CEST.
Flavor | Version | Tinstall | Tcheck | Ttotal | Status | Flags |
---|---|---|---|---|---|---|
r-devel-linux-x86_64-debian-clang | 0.4.2 | 5.98 | 111.58 | 117.56 | OK | |
r-devel-linux-x86_64-debian-gcc | 0.4.2 | 6.51 | 84.22 | 90.73 | OK | |
r-devel-linux-x86_64-fedora-clang | 0.4.2 | 145.06 | NOTE | |||
r-devel-linux-x86_64-fedora-gcc | 0.4.2 | 151.61 | OK | |||
r-devel-windows-x86_64 | 0.4.2 | 408.00 | 176.00 | 584.00 | NOTE | |
r-patched-linux-x86_64 | 0.4.2 | 11.25 | 111.75 | 123.00 | OK | |
r-release-linux-x86_64 | 0.4.2 | 7.48 | 110.39 | 117.87 | OK | |
r-release-macos-arm64 | 0.4.2 | 54.00 | NOTE | |||
r-release-macos-x86_64 | 0.4.2 | 67.00 | NOTE | |||
r-release-windows-x86_64 | 0.4.2 | 522.00 | 164.00 | 686.00 | NOTE | |
r-oldrel-macos-arm64 | 0.4.2 | 54.00 | NOTE | |||
r-oldrel-macos-x86_64 | 0.4.2 | 72.00 | NOTE | |||
r-oldrel-windows-ix86+x86_64 | 0.4.2 | 16.00 | 163.00 | 179.00 | NOTE |
Version: 0.4.2
Check: installed package size
Result: NOTE
installed size is 10.2Mb
sub-directories of 1Mb or more:
fonts 3.0Mb
lib 5.3Mb
Flavors: r-devel-linux-x86_64-fedora-clang, r-devel-windows-x86_64, r-release-macos-arm64, r-release-macos-x86_64, r-release-windows-x86_64, r-oldrel-macos-arm64, r-oldrel-macos-x86_64, r-oldrel-windows-ix86+x86_64
Version: 0.4.2
Check: Rd cross-references
Result: NOTE
Undeclared package ‘plotly’ in Rd xrefs
Flavor: r-devel-linux-x86_64-fedora-clang