Last updated on 2023-04-02 04:51:13 CEST.
Flavor | Version | Tinstall | Tcheck | Ttotal | Status | Flags |
---|---|---|---|---|---|---|
r-devel-linux-x86_64-debian-clang | 0.8.10 | 16.44 | 240.51 | 256.95 | OK | |
r-devel-linux-x86_64-debian-gcc | 0.8.10 | 13.81 | 179.19 | 193.00 | OK | |
r-devel-linux-x86_64-fedora-clang | 0.8.10 | 320.22 | OK | |||
r-devel-linux-x86_64-fedora-gcc | 0.8.10 | 347.59 | OK | |||
r-devel-windows-x86_64 | 0.8.10 | 79.00 | 408.00 | 487.00 | OK | |
r-patched-linux-x86_64 | 0.8.10 | 17.81 | 234.39 | 252.20 | OK | |
r-release-linux-x86_64 | 0.8.10 | 19.24 | 318.26 | 337.50 | OK | |
r-release-macos-arm64 | 0.8.10 | 135.00 | OK | |||
r-release-macos-x86_64 | 0.8.10 | 215.00 | OK | |||
r-release-windows-x86_64 | 0.8.10 | 653.00 | 559.00 | 1212.00 | OK | |
r-oldrel-macos-arm64 | 0.8.10 | 136.00 | OK | |||
r-oldrel-macos-x86_64 | 0.8.10 | 218.00 | OK | |||
r-oldrel-windows-ix86+x86_64 | 0.8.10 | 148.00 | 504.00 | 652.00 | NOTE |
Version: 0.8.10
Check: dependencies in R code
Result: NOTE
Initiating curl with CURL_SSL_BACKEND: openssl
Flavor: r-oldrel-windows-ix86+x86_64