CRAN Package Check Results for Package broom.mixed

Last updated on 2023-03-28 04:52:52 CEST.

Flavor Version Tinstall Tcheck Ttotal Status Flags
r-devel-linux-x86_64-debian-clang 0.2.9.4 11.67 165.26 176.93 NOTE
r-devel-linux-x86_64-debian-gcc 0.2.9.4 7.64 120.68 128.32 NOTE
r-devel-linux-x86_64-fedora-clang 0.2.9.4 228.69 NOTE
r-devel-linux-x86_64-fedora-gcc 0.2.9.4 226.63 NOTE
r-devel-windows-x86_64 0.2.9.4 56.00 198.00 254.00 NOTE
r-patched-linux-x86_64 0.2.9.4 6.19 155.95 162.14 NOTE
r-release-linux-x86_64 0.2.9.4 5.75 156.68 162.43 NOTE
r-release-macos-arm64 0.2.9.4 65.00 NOTE
r-release-macos-x86_64 0.2.9.4 96.00 NOTE
r-release-windows-x86_64 0.2.9.4 59.00 200.00 259.00 NOTE
r-oldrel-macos-arm64 0.2.9.4 48.00 NOTE
r-oldrel-macos-x86_64 0.2.9.4 86.00 NOTE
r-oldrel-windows-ix86+x86_64 0.2.9.4 21.00 193.00 214.00 NOTE

Check Details

Version: 0.2.9.4
Check: package dependencies
Result: NOTE
    Package suggested but not available for checking: ‘glmmADMB’
Flavors: r-devel-linux-x86_64-debian-clang, r-devel-linux-x86_64-debian-gcc, r-devel-linux-x86_64-fedora-clang, r-devel-linux-x86_64-fedora-gcc, r-devel-windows-x86_64, r-patched-linux-x86_64, r-release-linux-x86_64, r-release-macos-arm64, r-release-macos-x86_64, r-release-windows-x86_64, r-oldrel-macos-arm64, r-oldrel-macos-x86_64, r-oldrel-windows-ix86+x86_64