Last updated on 2023-03-31 04:51:42 CEST.
Flavor | Version | Tinstall | Tcheck | Ttotal | Status | Flags |
---|---|---|---|---|---|---|
r-devel-linux-x86_64-debian-clang | 1.2.0 | 4.72 | 66.06 | 70.78 | OK | |
r-devel-linux-x86_64-debian-gcc | 1.2.0 | 4.94 | 51.04 | 55.98 | OK | |
r-devel-linux-x86_64-fedora-clang | 1.2.0 | 82.43 | NOTE | |||
r-devel-linux-x86_64-fedora-gcc | 1.2.0 | 80.03 | NOTE | |||
r-devel-windows-x86_64 | 1.2.0 | 38.00 | 0.00 | 38.00 | OK | |
r-patched-linux-x86_64 | 1.2.0 | 6.71 | 63.34 | 70.05 | OK | |
r-release-linux-x86_64 | 1.2.0 | 6.01 | 64.15 | 70.16 | OK | |
r-release-macos-arm64 | 1.2.0 | 29.00 | NOTE | |||
r-release-macos-x86_64 | 1.2.0 | 43.00 | NOTE | |||
r-release-windows-x86_64 | 1.2.0 | 21.00 | 118.00 | 139.00 | OK | |
r-oldrel-macos-arm64 | 1.2.0 | 37.00 | NOTE | |||
r-oldrel-macos-x86_64 | 1.2.0 | 46.00 | NOTE | |||
r-oldrel-windows-ix86+x86_64 | 1.2.0 | 12.00 | 96.00 | 108.00 | NOTE |
Version: 1.2.0
Check: package dependencies
Result: NOTE
Package suggested but not available for checking: ‘sangerseqR’
Flavors: r-devel-linux-x86_64-fedora-clang, r-devel-linux-x86_64-fedora-gcc, r-release-macos-arm64, r-release-macos-x86_64, r-oldrel-macos-arm64, r-oldrel-macos-x86_64
Version: 1.2.0
Check: R code for possible problems
Result: NOTE
Initiating curl with CURL_SSL_BACKEND: openssl
Flavor: r-oldrel-windows-ix86+x86_64