Last updated on 2023-03-27 04:53:07 CEST.
Flavor | Version | Tinstall | Tcheck | Ttotal | Status | Flags |
---|---|---|---|---|---|---|
r-devel-linux-x86_64-debian-clang | 0.3 | 12.61 | 127.49 | 140.10 | OK | |
r-devel-linux-x86_64-debian-gcc | 0.3 | 10.79 | 96.21 | 107.00 | OK | |
r-devel-linux-x86_64-fedora-gcc | 0.3 | 170.85 | NOTE | |||
r-devel-windows-x86_64 | 0.3 | 28.00 | 157.00 | 185.00 | OK | |
r-patched-linux-x86_64 | 0.3 | 14.51 | 121.01 | 135.52 | OK | |
r-release-linux-x86_64 | 0.3 | 13.02 | 121.40 | 134.42 | OK | |
r-release-macos-arm64 | 0.3 | 43.00 | NOTE | |||
r-release-macos-x86_64 | 0.3 | 65.00 | NOTE | |||
r-release-windows-x86_64 | 0.3 | 27.00 | 148.00 | 175.00 | OK | |
r-oldrel-macos-arm64 | 0.3 | 98.00 | NOTE | |||
r-oldrel-macos-x86_64 | 0.3 | 109.00 | NOTE | |||
r-oldrel-windows-ix86+x86_64 | 0.3 | 29.00 | 149.00 | 178.00 | OK |
Version: 0.3
Check: dependencies in R code
Result: NOTE
Namespace in Imports field not imported from: ‘MASS’
All declared Imports should be used.
Flavors: r-devel-linux-x86_64-fedora-gcc, r-release-macos-arm64, r-release-macos-x86_64, r-oldrel-macos-arm64, r-oldrel-macos-x86_64