Last updated on 2023-03-23 04:53:13 CET.
Flavor | Version | Tinstall | Tcheck | Ttotal | Status | Flags |
---|---|---|---|---|---|---|
r-devel-linux-x86_64-debian-clang | 0.1.26 | 91.72 | 138.41 | 230.13 | OK | |
r-devel-linux-x86_64-debian-gcc | 0.1.26 | 75.97 | 104.41 | 180.38 | OK | |
r-devel-linux-x86_64-fedora-clang | 0.1.26 | 326.29 | OK | |||
r-devel-linux-x86_64-fedora-gcc | 0.1.26 | 303.74 | OK | |||
r-devel-windows-x86_64 | 0.1.26 | 93.00 | 202.00 | 295.00 | OK | |
r-patched-linux-x86_64 | 0.1.26 | 78.79 | 136.78 | 215.57 | OK | |
r-release-linux-x86_64 | 0.1.26 | 66.64 | 135.48 | 202.12 | OK | |
r-release-macos-arm64 | 0.1.26 | 83.00 | NOTE | |||
r-release-macos-x86_64 | 0.1.26 | 110.00 | NOTE | |||
r-release-windows-x86_64 | 0.1.26 | 89.00 | 239.00 | 328.00 | OK | |
r-oldrel-macos-arm64 | 0.1.26 | 68.00 | NOTE | |||
r-oldrel-macos-x86_64 | 0.1.26 | 109.00 | NOTE | |||
r-oldrel-windows-ix86+x86_64 | 0.1.26 | 227.00 | 258.00 | 485.00 | OK |
Version: 0.1.26
Check: installed package size
Result: NOTE
installed size is 5.7Mb
sub-directories of 1Mb or more:
data 1.1Mb
libs 4.4Mb
Flavors: r-release-macos-arm64, r-release-macos-x86_64, r-oldrel-macos-arm64, r-oldrel-macos-x86_64