Last updated on 2023-03-20 04:52:56 CET.
Flavor | Version | Tinstall | Tcheck | Ttotal | Status | Flags |
---|---|---|---|---|---|---|
r-devel-linux-x86_64-debian-clang | 1.0.6 | OK | ||||
r-devel-linux-x86_64-debian-gcc | 1.0.6 | 6.95 | 51.53 | 58.48 | OK | |
r-devel-linux-x86_64-fedora-clang | 1.0.6 | 100.86 | NOTE | |||
r-devel-linux-x86_64-fedora-gcc | 1.0.6 | 94.19 | NOTE | |||
r-devel-windows-x86_64 | 1.0.6 | 18.00 | 94.00 | 112.00 | OK | |
r-patched-linux-x86_64 | 1.0.6 | 8.73 | 66.61 | 75.34 | OK | |
r-release-linux-x86_64 | 1.0.6 | 6.58 | 67.71 | 74.29 | OK | |
r-release-macos-arm64 | 1.0.6 | 30.00 | NOTE | |||
r-release-macos-x86_64 | 1.0.6 | 58.00 | NOTE | |||
r-release-windows-x86_64 | 1.0.6 | 16.00 | 98.00 | 114.00 | OK | |
r-oldrel-macos-arm64 | 1.0.6 | 34.00 | NOTE | |||
r-oldrel-macos-x86_64 | 1.0.6 | 57.00 | NOTE | |||
r-oldrel-windows-ix86+x86_64 | 1.0.6 | 20.00 | 93.00 | 113.00 | OK |
Version: 1.0.6
Check: package dependencies
Result: NOTE
Imports includes 22 non-default packages.
Importing from so many packages makes the package vulnerable to any of
them becoming unavailable. Move as many as possible to Suggests and
use conditionally.
Flavor: r-devel-linux-x86_64-fedora-clang
Version: 1.0.6
Check: dependencies in R code
Result: NOTE
Namespaces in Imports field not imported from:
‘Rcpp’ ‘chron’ ‘colorspace’ ‘gtable’ ‘htmltools’ ‘htmlwidgets’
‘httpuv’ ‘magrittr’ ‘munsell’ ‘plyr’ ‘scales’ ‘stringi’ ‘xtable’
‘yaml’
All declared Imports should be used.
Flavors: r-devel-linux-x86_64-fedora-clang, r-devel-linux-x86_64-fedora-gcc, r-release-macos-arm64, r-release-macos-x86_64, r-oldrel-macos-arm64, r-oldrel-macos-x86_64