Last updated on 2023-03-28 04:52:51 CEST.
Flavor | Version | Tinstall | Tcheck | Ttotal | Status | Flags |
---|---|---|---|---|---|---|
r-devel-linux-x86_64-debian-clang | 0.13.0 | 14.59 | 178.88 | 193.47 | OK | |
r-devel-linux-x86_64-debian-gcc | 0.13.0 | 11.50 | 130.47 | 141.97 | OK | |
r-devel-linux-x86_64-fedora-clang | 0.13.0 | 238.56 | OK | |||
r-devel-linux-x86_64-fedora-gcc | 0.13.0 | 257.77 | OK | |||
r-devel-windows-x86_64 | 0.13.0 | 264.00 | 232.00 | 496.00 | OK | |
r-patched-linux-x86_64 | 0.13.0 | 13.91 | 172.18 | 186.09 | OK | |
r-release-linux-x86_64 | 0.13.0 | 11.58 | 166.27 | 177.85 | NOTE | |
r-release-macos-arm64 | 0.13.0 | 82.00 | OK | |||
r-release-macos-x86_64 | 0.13.0 | 93.00 | OK | |||
r-release-windows-x86_64 | 0.13.0 | 191.00 | 232.00 | 423.00 | OK | |
r-oldrel-macos-arm64 | 0.13.0 | 76.00 | OK | |||
r-oldrel-macos-x86_64 | 0.13.0 | 102.00 | OK | |||
r-oldrel-windows-ix86+x86_64 | 0.13.0 | 22.00 | 221.00 | 243.00 | OK |
Version: 0.13.0
Check: package dependencies
Result: NOTE
Package suggested but not available for checking: ‘blavaan’
Flavor: r-release-linux-x86_64