Last updated on 2023-03-31 04:51:41 CEST.
Flavor | Version | Tinstall | Tcheck | Ttotal | Status | Flags |
---|---|---|---|---|---|---|
r-devel-linux-x86_64-debian-clang | 1.3.6 | 61.42 | 174.80 | 236.22 | OK | |
r-devel-linux-x86_64-debian-gcc | 1.3.6 | 47.26 | 130.09 | 177.35 | OK | |
r-devel-linux-x86_64-fedora-clang | 1.3.6 | 315.67 | OK | |||
r-devel-linux-x86_64-fedora-gcc | 1.3.6 | 302.08 | OK | |||
r-devel-windows-x86_64 | 1.3.6 | 79.00 | 223.00 | 302.00 | OK | |
r-patched-linux-x86_64 | 1.3.6 | 48.50 | 163.04 | 211.54 | OK | |
r-release-linux-x86_64 | 1.3.6 | 55.24 | 163.57 | 218.81 | OK | |
r-release-macos-arm64 | 1.3.6 | 81.00 | NOTE | |||
r-release-macos-x86_64 | 1.3.6 | 109.00 | NOTE | |||
r-release-windows-x86_64 | 1.3.6 | 76.00 | 217.00 | 293.00 | OK | |
r-oldrel-macos-arm64 | 1.3.6 | 70.00 | NOTE | |||
r-oldrel-macos-x86_64 | 1.3.6 | 108.00 | NOTE | |||
r-oldrel-windows-ix86+x86_64 | 1.3.6 | 147.00 | 241.00 | 388.00 | NOTE |
Version: 1.3.6
Check: installed package size
Result: NOTE
installed size is 5.4Mb
sub-directories of 1Mb or more:
doc 2.2Mb
libs 2.6Mb
Flavors: r-release-macos-arm64, r-release-macos-x86_64, r-oldrel-macos-arm64, r-oldrel-macos-x86_64, r-oldrel-windows-ix86+x86_64