CRAN Package Check Results for Package batchmix

Last updated on 2023-03-21 04:57:44 CET.

Flavor Version Tinstall Tcheck Ttotal Status Flags
r-devel-linux-x86_64-debian-clang 1.0.1 NOTE
r-devel-linux-x86_64-debian-gcc 1.0.1 214.09 69.48 283.57 NOTE
r-devel-linux-x86_64-fedora-clang 1.0.1 589.47 NOTE
r-devel-linux-x86_64-fedora-gcc 1.0.1 654.16 NOTE
r-devel-windows-x86_64 1.0.1 241.00 162.00 403.00 NOTE
r-patched-linux-x86_64 1.0.1 207.84 89.02 296.86 OK
r-release-linux-x86_64 1.0.1 200.47 88.68 289.15 OK
r-release-macos-arm64 1.0.1 154.00 NOTE
r-release-macos-x86_64 1.0.1 198.00 NOTE
r-release-windows-x86_64 1.0.1 227.00 293.00 520.00 OK
r-oldrel-macos-arm64 1.0.1 140.00 NOTE
r-oldrel-macos-x86_64 1.0.1 200.00 NOTE
r-oldrel-windows-ix86+x86_64 1.0.1 690.00 200.00 890.00 OK

Check Details

Version: 1.0.1
Check: C++ specification
Result: NOTE
     Specified C++14: please drop specification unless essential
Flavors: r-devel-linux-x86_64-debian-clang, r-devel-linux-x86_64-debian-gcc, r-devel-linux-x86_64-fedora-clang, r-devel-linux-x86_64-fedora-gcc, r-devel-windows-x86_64

Version: 1.0.1
Check: installed package size
Result: NOTE
     installed size is 13.1Mb
     sub-directories of 1Mb or more:
     libs 12.6Mb
Flavors: r-release-macos-arm64, r-release-macos-x86_64, r-oldrel-macos-arm64, r-oldrel-macos-x86_64