CRAN Package Check Results for Package banxicoR

Last updated on 2023-03-22 04:52:39 CET.

Flavor Version Tinstall Tcheck Ttotal Status Flags
r-devel-linux-x86_64-debian-clang 0.9.0 3.51 30.24 33.75 OK
r-devel-linux-x86_64-debian-gcc 0.9.0 2.29 23.76 26.05 OK
r-devel-linux-x86_64-fedora-clang 0.9.0 43.79 NOTE
r-devel-linux-x86_64-fedora-gcc 0.9.0 40.65 NOTE
r-devel-windows-x86_64 0.9.0 11.00 58.00 69.00 OK
r-patched-linux-x86_64 0.9.0 3.51 30.12 33.63 OK
r-release-linux-x86_64 0.9.0 3.08 30.99 34.07 OK
r-release-macos-arm64 0.9.0 18.00 NOTE
r-release-macos-x86_64 0.9.0 23.00 NOTE
r-release-windows-x86_64 0.9.0 10.00 66.00 76.00 OK
r-oldrel-macos-arm64 0.9.0 21.00 NOTE
r-oldrel-macos-x86_64 0.9.0 25.00 NOTE
r-oldrel-windows-ix86+x86_64 0.9.0 11.00 56.00 67.00 OK

Check Details

Version: 0.9.0
Check: data for non-ASCII characters
Result: NOTE
     Note: found 148 marked UTF-8 strings
Flavors: r-devel-linux-x86_64-fedora-clang, r-devel-linux-x86_64-fedora-gcc, r-release-macos-arm64, r-release-macos-x86_64, r-oldrel-macos-arm64, r-oldrel-macos-x86_64