Last updated on 2023-03-20 04:52:55 CET.
Flavor | Version | Tinstall | Tcheck | Ttotal | Status | Flags |
---|---|---|---|---|---|---|
r-devel-linux-x86_64-debian-clang | 11.8.8 | OK | ||||
r-devel-linux-x86_64-debian-gcc | 11.8.8 | 19.38 | 200.69 | 220.07 | OK | |
r-devel-linux-x86_64-fedora-clang | 11.8.8 | 307.57 | NOTE | |||
r-devel-linux-x86_64-fedora-gcc | 11.8.8 | 384.82 | NOTE | |||
r-devel-windows-x86_64 | 11.8.8 | 234.00 | 298.00 | 532.00 | OK | |
r-patched-linux-x86_64 | 11.8.8 | 25.03 | 250.98 | 276.01 | OK | |
r-release-linux-x86_64 | 11.8.8 | 17.61 | 247.67 | 265.28 | OK | |
r-release-macos-arm64 | 11.8.8 | 89.00 | NOTE | |||
r-release-macos-x86_64 | 11.8.8 | 126.00 | NOTE | |||
r-release-windows-x86_64 | 11.8.8 | 154.00 | 280.00 | 434.00 | OK | |
r-oldrel-macos-arm64 | 11.8.8 | 86.00 | NOTE | |||
r-oldrel-macos-x86_64 | 11.8.8 | 118.00 | NOTE | |||
r-oldrel-windows-ix86+x86_64 | 11.8.8 | 49.00 | 284.00 | 333.00 | NOTE |
Version: 11.8.8
Check: data for non-ASCII characters
Result: NOTE
Note: found 64209 marked UTF-8 strings
Flavors: r-devel-linux-x86_64-fedora-clang, r-devel-linux-x86_64-fedora-gcc, r-release-macos-arm64, r-release-macos-x86_64, r-oldrel-macos-arm64, r-oldrel-macos-x86_64
Version: 11.8.8
Check: dependencies in R code
Result: NOTE
Initiating curl with CURL_SSL_BACKEND: openssl
Flavor: r-oldrel-windows-ix86+x86_64