CRAN Package Check Results for Package aws.s3

Last updated on 2023-03-28 04:52:51 CEST.

Flavor Version Tinstall Tcheck Ttotal Status Flags
r-devel-linux-x86_64-debian-clang 0.3.21 4.46 42.20 46.66 OK
r-devel-linux-x86_64-debian-gcc 0.3.21 3.08 32.52 35.60 OK
r-devel-linux-x86_64-fedora-clang 0.3.21 57.68 OK
r-devel-linux-x86_64-fedora-gcc 0.3.21 55.33 OK
r-patched-linux-x86_64 0.3.21 5.59 40.24 45.83 OK
r-release-linux-x86_64 0.3.21 3.34 41.80 45.14 OK
r-release-macos-arm64 0.3.21 29.00 OK
r-release-macos-x86_64 0.3.21 42.00 OK
r-release-windows-x86_64 0.3.21 35.00 90.00 125.00 OK
r-oldrel-macos-arm64 0.3.21 36.00 OK
r-oldrel-macos-x86_64 0.3.21 43.00 OK
r-oldrel-windows-ix86+x86_64 0.3.21 13.00 86.00 99.00 NOTE

Check Details

Version: 0.3.21
Check: R code for possible problems
Result: NOTE
    Initiating curl with CURL_SSL_BACKEND: openssl
Flavor: r-oldrel-windows-ix86+x86_64