Last updated on 2023-03-23 04:53:12 CET.
Flavor | Version | Tinstall | Tcheck | Ttotal | Status | Flags |
---|---|---|---|---|---|---|
r-devel-linux-x86_64-debian-clang | 0.1.8 | 5.42 | 46.92 | 52.34 | NOTE | |
r-devel-linux-x86_64-debian-gcc | 0.1.8 | 3.52 | 36.09 | 39.61 | NOTE | |
r-devel-linux-x86_64-fedora-clang | 0.1.8 | 65.99 | NOTE | |||
r-devel-linux-x86_64-fedora-gcc | 0.1.8 | 72.20 | NOTE | |||
r-devel-windows-x86_64 | 0.1.8 | 21.00 | 100.00 | 121.00 | NOTE | |
r-patched-linux-x86_64 | 0.1.8 | 5.59 | 45.88 | 51.47 | NOTE | |
r-release-linux-x86_64 | 0.1.8 | 4.63 | 45.17 | 49.80 | NOTE | |
r-release-macos-arm64 | 0.1.8 | 27.00 | NOTE | |||
r-release-macos-x86_64 | 0.1.8 | 37.00 | NOTE | |||
r-release-windows-x86_64 | 0.1.8 | 22.00 | 109.00 | 131.00 | NOTE | |
r-oldrel-macos-arm64 | 0.1.8 | 31.00 | NOTE | |||
r-oldrel-macos-x86_64 | 0.1.8 | 52.00 | NOTE | |||
r-oldrel-windows-ix86+x86_64 | 0.1.8 | 16.00 | 90.00 | 106.00 | NOTE |
Version: 0.1.8
Check: LazyData
Result: NOTE
'LazyData' is specified without a 'data' directory
Flavors: r-devel-linux-x86_64-debian-clang, r-devel-linux-x86_64-debian-gcc, r-devel-linux-x86_64-fedora-clang, r-devel-linux-x86_64-fedora-gcc, r-devel-windows-x86_64, r-patched-linux-x86_64, r-release-linux-x86_64, r-release-macos-arm64, r-release-macos-x86_64, r-release-windows-x86_64, r-oldrel-macos-arm64, r-oldrel-macos-x86_64, r-oldrel-windows-ix86+x86_64
Version: 0.1.8
Check: R code for possible problems
Result: NOTE
Initiating curl with CURL_SSL_BACKEND: openssl
Flavor: r-oldrel-windows-ix86+x86_64