CRAN Package Check Results for Package autoFRK

Last updated on 2022-12-04 04:50:14 CET.

Flavor Version Tinstall Tcheck Ttotal Status Flags
r-devel-linux-x86_64-debian-clang 1.4.3 69.36 144.01 213.37 OK
r-devel-linux-x86_64-debian-gcc 1.4.3 55.32 108.12 163.44 OK
r-devel-linux-x86_64-fedora-clang 1.4.3 281.40 OK
r-devel-linux-x86_64-fedora-gcc 1.4.3 274.80 OK
r-devel-windows-x86_64 1.4.3 64.00 190.00 254.00 OK
r-patched-linux-x86_64 1.4.3 61.67 134.97 196.64 OK
r-release-linux-x86_64 1.4.3 51.68 134.38 186.06 OK
r-release-macos-arm64 1.4.3 69.00 NOTE
r-release-macos-x86_64 1.4.3 118.00 NOTE
r-release-windows-x86_64 1.4.3 75.00 188.00 263.00 OK
r-oldrel-macos-arm64 1.4.3 82.00 NOTE
r-oldrel-macos-x86_64 1.4.3 103.00 NOTE
r-oldrel-windows-ix86+x86_64 1.4.3 150.00 216.00 366.00 OK

Check Details

Version: 1.4.3
Check: installed package size
Result: NOTE
     installed size is 18.3Mb
     sub-directories of 1Mb or more:
     libs 18.0Mb
Flavors: r-release-macos-arm64, r-release-macos-x86_64, r-oldrel-macos-arm64, r-oldrel-macos-x86_64