CRAN Package Check Results for Package askpass

Last updated on 2023-03-27 04:53:06 CEST.

Flavor Version Tinstall Tcheck Ttotal Status Flags
r-devel-linux-x86_64-debian-clang 1.1 2.35 22.09 24.44 NOTE
r-devel-linux-x86_64-debian-gcc 1.1 1.78 17.07 18.85 NOTE
r-devel-linux-x86_64-fedora-gcc 1.1 29.80 NOTE
r-devel-windows-x86_64 1.1 16.00 52.00 68.00 NOTE
r-patched-linux-x86_64 1.1 2.40 21.21 23.61 NOTE
r-release-linux-x86_64 1.1 2.42 22.21 24.63 NOTE
r-release-macos-arm64 1.1 16.00 NOTE
r-release-macos-x86_64 1.1 22.00 NOTE
r-release-windows-x86_64 1.1 14.00 54.00 68.00 NOTE
r-oldrel-macos-arm64 1.1 20.00 NOTE
r-oldrel-macos-x86_64 1.1 27.00 NOTE
r-oldrel-windows-ix86+x86_64 1.1 11.00 64.00 75.00 NOTE

Check Details

Version: 1.1
Check: LazyData
Result: NOTE
     'LazyData' is specified without a 'data' directory
Flavors: r-devel-linux-x86_64-debian-clang, r-devel-linux-x86_64-debian-gcc, r-devel-linux-x86_64-fedora-gcc, r-devel-windows-x86_64, r-patched-linux-x86_64, r-release-linux-x86_64, r-release-macos-arm64, r-release-macos-x86_64, r-release-windows-x86_64, r-oldrel-macos-arm64, r-oldrel-macos-x86_64, r-oldrel-windows-ix86+x86_64