Last updated on 2023-03-29 04:51:04 CEST.
Flavor | Version | Tinstall | Tcheck | Ttotal | Status | Flags |
---|---|---|---|---|---|---|
r-devel-linux-x86_64-debian-clang | 0.0.1 | 4.25 | 122.38 | 126.63 | OK | |
r-devel-linux-x86_64-debian-gcc | 0.0.1 | 3.15 | 84.02 | 87.17 | OK | |
r-devel-linux-x86_64-fedora-clang | 0.0.1 | 133.60 | NOTE | |||
r-devel-linux-x86_64-fedora-gcc | 0.0.1 | 136.05 | NOTE | |||
r-devel-windows-x86_64 | 0.0.1 | 35.00 | 131.00 | 166.00 | OK | |
r-patched-linux-x86_64 | 0.0.1 | 4.27 | 102.38 | 106.65 | OK | |
r-release-linux-x86_64 | 0.0.1 | 3.65 | 109.56 | 113.21 | OK | |
r-release-macos-arm64 | 0.0.1 | 37.00 | NOTE | |||
r-release-macos-x86_64 | 0.0.1 | 56.00 | NOTE | |||
r-release-windows-x86_64 | 0.0.1 | 34.00 | 133.00 | 167.00 | OK | |
r-oldrel-macos-arm64 | 0.0.1 | 36.00 | NOTE | |||
r-oldrel-macos-x86_64 | 0.0.1 | 59.00 | NOTE | |||
r-oldrel-windows-ix86+x86_64 | 0.0.1 | 10.00 | 124.00 | 134.00 | OK |
Version: 0.0.1
Check: dependencies in R code
Result: NOTE
Namespace in Imports field not imported from: ‘purrr’
All declared Imports should be used.
Flavors: r-devel-linux-x86_64-fedora-clang, r-devel-linux-x86_64-fedora-gcc, r-release-macos-arm64, r-release-macos-x86_64, r-oldrel-macos-arm64, r-oldrel-macos-x86_64