CRAN Package Check Results for Package ari

Last updated on 2023-03-30 04:55:03 CEST.

Flavor Version Tinstall Tcheck Ttotal Status Flags
r-devel-linux-x86_64-debian-clang 0.3.5 6.58 58.79 65.37 NOTE
r-devel-linux-x86_64-debian-gcc 0.3.5 5.43 44.84 50.27 NOTE
r-devel-linux-x86_64-fedora-clang 0.3.5 79.98 NOTE
r-devel-linux-x86_64-fedora-gcc 0.3.5 93.55 NOTE
r-devel-windows-x86_64 0.3.5 25.00 91.00 116.00 NOTE
r-patched-linux-x86_64 0.3.5 6.14 56.35 62.49 NOTE
r-release-linux-x86_64 0.3.5 5.13 58.00 63.13 NOTE
r-release-macos-arm64 0.3.5 28.00 NOTE
r-release-macos-x86_64 0.3.5 43.00 NOTE
r-release-windows-x86_64 0.3.5 32.00 86.00 118.00 NOTE
r-oldrel-macos-arm64 0.3.5 33.00 NOTE
r-oldrel-macos-x86_64 0.3.5 39.00 NOTE
r-oldrel-windows-ix86+x86_64 0.3.5 17.00 85.00 102.00 NOTE

Check Details

Version: 0.3.5
Check: LazyData
Result: NOTE
     'LazyData' is specified without a 'data' directory
Flavors: r-devel-linux-x86_64-debian-clang, r-devel-linux-x86_64-debian-gcc, r-devel-linux-x86_64-fedora-clang, r-devel-linux-x86_64-fedora-gcc, r-devel-windows-x86_64, r-patched-linux-x86_64, r-release-linux-x86_64, r-release-macos-arm64, r-release-macos-x86_64, r-release-windows-x86_64, r-oldrel-macos-arm64, r-oldrel-macos-x86_64, r-oldrel-windows-ix86+x86_64